at is 213002310132 (base 4) in base 3?
201021000000020
-1201312322 (base 4) to base 9
-670742
Convert -2568dc (base 16) to base 11.
-1424a87
-4b20c (base 16) to base 7
-2421104
What is 37b1360 (base 13) in base 9?
35654367
Convert 26d152 (base 15) to base 4.
13013232311
1310340 (base 5) to base 15
794a
-aa22909 (base 11) to base 13
-401a834
2432124 (base 7) to base 12
12b816
Convert 4397186 (base 10) to base 8.
20614202
What is -31302322100 (base 4) in base 12?
-12649a8
Convert 32130111130 (base 4) to base 13.
a273a8
-10234321 (base 6) to base 2
-1001001010101001001
What is 11101111111000000010011 (base 2) in base 10?
7860243
What is 846538 (base 10) in base 14?
180710
What is -4e658 (base 15) in base 13?
-8a43a
-12020020111 (base 3) to base 4
-121020310
What is -144037 (base 10) in base 8?
-431245
143563510 (base 7) to base 14
13984b0
What is -137385 (base 9) in base 15?
-19e05
What is 266253 (base 8) in base 11?
64159
Convert 33110210130 (base 4) to base 6.
222030300
What is -40754640 (base 9) in base 4?
-1022230220112
What is 1485142 (base 12) in base 7?
50216501
4731 (base 15) to base 7
62041
What is -266585 (base 9) in base 6?
-3251252
Convert -1ee60b (base 16) to base 13.
-55b910
Convert -c3d36 (base 14) to base 12.
-1a9064
Convert -130422202 (base 5) to base 16.
-9c04c
What is 21c225 (base 14) in base 4?
10120020121
287a2 (base 14) to base 16
187ca
-4aad (base 14) to base 9
-18853
Convert 2419a6 (base 13) to base 14.
185936
Convert -1205540 (base 10) to base 5.
-302034130
Convert 10733672 (base 8) to base 16.
23b7ba
105103250 (base 6) to base 10
1921422
Convert -7114426 (base 8) to base 7.
-21634064
What is -1521887 (base 11) in base 4?
-21330311230
What is -11440543 (base 6) in base 12?
-156153
What is 232120131 (base 4) in base 15?
3b456
136b8 (base 13) to base 11
25316
a0cb (base 14) to base 12
13b97
-4442342314 (base 5) to base 4
-211013232033
-1343223004 (base 5) to base 7
-41453333
What is 2128176 (base 10) in base 7?
24042411
-10010101110011111 (base 2) to base 15
-17ad8
What is -81722 (base 13) in base 6?
-4545332
100212021121 (base 3) to base 10
194119
Convert -10011010010011101111 (base 2) to base 7.
-5241463
Convert 32430 (base 14) to base 4.
131223122
What is 1a22d (base 14) in base 6?
1230521
What is -102401125 (base 7) in base 6?
-334015214
What is -85805 (base 11) in base 6?
-2401324
102034241 (base 5) to base 7
3415042
-10202322011 (base 4) to base 3
-2020112111202
-57570 (base 12) to base 3
-12220220210
Convert -4217246 (base 8) to base 11.
-6a6a42
-305170 (base 9) to base 12
-88860
What is 5001431 (base 6) in base 3?
102212112001
Convert -6500716 (base 8) to base 3.
-10021020221111
Convert 112656206 (base 7) to base 16.
69e01b
Convert -100101111000111110010 (base 2) to base 16.
-12f1f2
What is 1211112222100 (base 3) in base 16?
ee218
Convert 509151a (base 11) to base 9.
17824050
Convert -1261ce (base 16) to base 2.
-100100110000111001110
What is 6321020 (base 9) in base 12?
116b9a6
What is 2342442 (base 6) in base 5?
12404201
Convert 10034218 (base 9) to base 16.
495473
What is -421263 (base 9) in base 3?
-110201022010
What is 428069 (base 10) in base 6?
13101445
What is 11000111001101 (base 2) in base 5?
401444
What is 162364 (base 7) in base 5?
2011332
What is 30651 (base 12) in base 7?
352030
Convert 12032322 (base 4) to base 7.
134301
10b79a (base 16) to base 14
207398
What is 98b543 (base 12) in base 5?
1110101110
Convert -33077 (base 12) to base 11.
-46779
What is 1202212200022 (base 3) in base 14?
1a75d8
What is 13150443 (base 8) in base 13?
7bab57
-9424a (base 11) to base 13
-4a6c5
What is -70863 (base 11) in base 10?
-103524
-89a79 (base 12) to base 10
-182973
What is -150243204 (base 7) in base 4?
-211313203101
Convert -de7329 (base 15) to base 5.
-10203324324
What is -22432624 (base 8) in base 3?
-100011002022012
Convert -ab749 (base 16) to base 4.
-2223131021
Convert 567318 (base 9) to base 2.
1010011000000000110
Convert -22143372 (base 8) to base 2.
-10010001100011011111010
164132 (base 8) to base 14
1796a
497d3b (base 14) to base 10
2518849
Convert -20012011210021 (base 3) to base 16.
-3235b7
300231111 (base 4) to base 13
6ca6b
Convert 300030231 (base 4) to base 7.
1451400
What is -1142003024 (base 5) in base 16?
-290391
What is 14665603 (base 8) in base 13?
90cacc
What is -7477250 (base 8) in base 16?
-1e7ea8
What is -10111110001001101011000 (base 2) in base 11?
-357638a
Convert 33120 (base 7) to base 8.
20147
Convert -134032404 (base 6) to base 4.
-22111233310
162bb (base 15) to base 14
1c0b3
Convert 1141154 (base 7) to base 13.
509c9
2330324332 (base 5) to base 8
24235705
-322312011233 (base 4) to base 13
-327146c
Convert -251311 (base 8) to base 14.
-2386d
-1100335221 (base 6) to base 16
-b3d5dd
Convert 1224402023 (base 5) to base 7.
34131622
Convert 1133333210 (base 4) to base 2.
1011111111111100100
Convert -5087056 (base 11) to base 6.
-520322011
What is -6d2d2 (base 16) in base 7?
-3541515
Convert -12012010222010 (base 3) to base 6.
-135042520
Convert 100110200000 (base 3) to base 12.
8ba39
What is -6076 (base 15) in base 13?
-9363
What is -1336 (base 10) in base 12?
-934
Convert -915315 (base 10) to base 16.
-df773
-13a453 (base 11) to base 5
-24000301
330100 (base 4) to base 7
14146
What is -11223422 (base 5) in base 6?
-2103001
What is -302031011 (base 4) in base 11?
-130553
a105 (base 15) to base 11
23591
114242140 (base 5) to base 6
15325211
Convert 14989829 (base 10) to base 16.
e4ba05
Convert -11213113213 (base 4) to base 6.
-51314411
11636 (base 13) to base 5
2004232
What is -163432 (base 7) in base 8?
-77315
What is 423254034 (base 6) in base 12?
25aa31a
What is 71134 (base 12) in base 6?
3052504
What is 9546 (base 13) in base 11?
14597
Convert 36423136 (base 7) to base 2.
1100011001010111111010
2eed18 (base 15) to base 13
619967
-16598 (base 11) to base 2
-101101100101011
What is -34712 (base 8) in base 3?
-202021221
What is -321034411 (base 5) in base 6?
-44504315
b99a2 (base 13) to base 16
51eed
Convert -201334101 (base 7) to base 6.
-1054523453
Convert -223b94 (base 15) to base 14.
-307043
110203321011 (base 4) to base 13
11693b2
-1110011001110010011 (base 2) to base 5
-110100310
Convert -62651c (base 14) to base 10.
-3321246
What is 524424 (base 6) in base 12?
20714
Convert 4287a1 (base 14) to base 11.
12a8723
Convert 30bc0 (base 14) to base 5.
12230242
Convert 15243 (base 14) to base 4.
30311223
3485558 (base 9) to base 5
440341420
What is -1452601 (base 9) in base 2?
-11000011111001010011
-7bc606 (base 13) to base 8
-13157276
What is -91c87 (base 14) in base 10?
-350959
Convert 106430 (base 8) to base 9.
54483
What is 3abb70 (base 15) in base 2?
1010110001011110010000
What is 26e14 (base 15) in base 9?
210011
What is 3044652 (base 9) in base 2?
110001100011111010000
Convert -101001110101000010 (base 2) to base 3.
-22201000120
Convert 10204434143 (base 5) to base 4.
220201310222
Convert 1221221121122 (base 3) to base 7.
11600312
-4140315 (base 8) to base 9
-2053065
-39b23a (base 15) to base 11
-16231a7
What is -9cbc9 (base 15) in base 10?
-498789
Convert -818b (base 12) to base 2.
-11011011111011
-497489 (base 12) to base 7
-13104114
-1010101001100111011 (base 2) to base 10
-348987
What is 5a0542 (base 16) in base 6?
330240522
What is -10001000110010011101 (base 2) in base 8?
-2106235
What is -1366416 (base 7) in base 4?
-231012213
What is 68345 (base 12) in base 3?
21001021222
Convert 38c76a9 (base 13) to base 2.
1000011111100001001110011
3103310112 (base 4) to base 8
3236426
-110a55 (base 11) to base 2
-101011001101000010
25ba7 (base 12) to base 14
14c59
Convert -19cc7 (base 16) to base 10.
-105671
What is -1014243 (base 8) in base 3?
-111122020122
3edc3 (base 15) to base 7
1501413
-15315165 (base 7) to base 9
-2674486
216500 (base 9) to base 3
20120120000
Convert 7a7b3 (base 14) to base 4.
1020232121
Convert -c50209 (base 14) to base 4.
-121112221201
What is -1011111001001110 (base 2) in base 4?
-23321032
Convert 1396560 (base 12) to base 9.
7350270
Convert -703854 (base 9) to base 16.
-659e3
1101011000001101 (base 2) to base 12
27865
What is 4aaa94 (base 11) in base 9?
1456517
Convert 1001000110001000101000 (base 2) to base 12.
96ba60
-112131411 (base 5) to base 7
-4202656
2